
Let o be (9 - 15)*(-1)/3. Let m(k) = -3*k**o - 3*k - k**2 + 6 + k**3 - k**2. Suppose 4*i - 5*i + s = -1, 0 = -i - s + 7. Determine m(i).
-22
Suppose 0 = -8*l + 17*l - 90. Suppose -5*d + 35 = l. Suppose d*q = -5*v + 20, -4*q + 0*v = -3*v - 9. Let j(z) = -z**3 + 4*z**2 - z + 1. What is j(q)?
7
Let q(n) be the third derivative of n**5/20 - 13*n**4/6 + 10*n**3/3 + 34*n**2 - 33*n + 2. Calculate q(17).
3
Let d(u) = -13*u**3 + u - 1. Suppose 5070 = -39*y + 24*y. Let n = y + 339. Calculate d(n).
-13
Let h(f) be the third derivative of 7*f**5/60 - f**3/6 + f**2 - 3651*f. Suppose 3*j + 0*j = 66. Let z be 26/j - (-2)/(-11). Calculate h(z).
6
Let a(s) = s**2 - 9*s - 7. Let t(z) = -z**2 + 36*z - 13. Let r be t(29). Let q = r - 181. Give a(q).
-7
Let o(m) be the first derivative of -m**4/4 - 2*m**3 + 3*m**2 + 8*m - 1092. Give o(-7).
15
Suppose 0 = -n - d + 18, 3*n - 2*d + 3*d = 58. Suppose 6*i - n - 10 = 0. Let f(s) = -s**3 + 5*s**2 + s + 5. Give f(i).
10
Let n(r) = -r. Let u(i) = -8*i + 6. Let z(b) = -9*n(b) + u(b). Let j be (5 - 4) + (-33)/3. What is z(j)?
-4
Suppose 0 = -5*l + 124 + 56. Let v(r) = -80 + l + 45 + 13*r. Calculate v(-2).
-25
Let r(q) = 3*q**2 - 3*q - 102. Let p be r(-24). Let h(c) = p*c - 1714*c - 1 + 2. What is h(1)?
-15
Let u(f) be the third derivative of 0*f - 1/2*f**3 - 1/60*f**5 + 1/4*f**4 + 0 - 53*f**2. Calculate u(6).
-3
Let w(p) = -p + 3. Let v(r) be the third derivative of -r**5/60 + r**4/4 + r**3/2 + 44*r**2. Let b be v(5). Give w(b).
-5
Suppose -15*a + 104 = -7*a. Let g(z) = 3*z - a*z**2 + 8*z**2 + 4*z**2 + 2. Suppose -43 + 13 = -5*t. Determine g(t).
-16
Let p(c) = 3*c**2 + 6*c**3 + 0*c + 0*c**3 - 5*c**2 + c. Suppose -18*s + 30*s = 48. Suppose 100*x - s = 96*x. Calculate p(x).
5
Let i(z) = 3*z - 2. Let w = 159 + -143. Let p(f) = -f**2 + 17*f - 14. Let v be p(w). Give i(v).
4
Let a be 15/(-10) + (-2)/4. Let z be (25/10 + -2)/(a/(-20)). Let y(b) = b**2 - 6*b + 3. Let g be y(z). Let t(p) = 3*p**2 + 3*p + 1. Give t(g).
7
Let z(h) = -h**2 - h. Let v(b) = 7*b**3 + 8*b**2 + 8*b - 42. Let s(g) = -9*g**3 - 8*g**2 - 9*g + 41. Let k(f) = -3*s(f) - 4*v(f). Let w be k(-6). What is z(w)?
-12
Let s(z) = 1282*z**2 + 220 - 60*z - 1284*z**2 + 1227*z**3 - 1226*z**3. What is s(4)?
12
Let t(r) = r**3 + 6*r**2 - r + 2. Let w = -8 + -8. Let q(c) = -c**3 - 16*c**2 + 4. Let v be q(w). Let p be 2/((v/(-10))/1) + -1. Calculate t(p).
8
Suppose -66*m = 226 + 566. Let r(k) = -k**2 - 13*k - 13. Give r(m).
-1
Let x be 2*4 + -6 + 7 + -4. Let c be (x/(-15))/((-1)/(-9)). Let d(q) be the second derivative of -q**3/6 - q**2/2 - 2*q. Determine d(c).
2
Let f(c) = -99*c + 46. Let u(i) = -518*i + 229. Let m(r) = -21*f(r) + 4*u(r). Give m(6).
-8
Suppose -4*f = x - 19, -4*f = -7*f + 3*x + 3. Let c(v) be the first derivative of 4*v**3/3 - 5*v**2/2 + 6*v - 17. Determine c(f).
50
Let r(b) = -b + 7. Let s be r(-6). Let l(w) = -w**3 + 13*w**2 + 3. Let p be l(s). Let y(k) = -469*k**3 + 2 - 3 + 2*k**2 + 460*k**p. Give y(1).
-8
Let k be 2 + 0 + -5 + (-17 - (-29 + 6)). Let r(w) be the second derivative of -9/2*w**2 + 1/12*w**4 + 0 - 16*w + 4/3*w**k. Calculate r(-8).
-9
Let j(b) = b**3 + 6*b**2 - 6*b + 1. Let x = 22 + -3. Let u(t) = t - 15. Let p be u(x). Let m be (-3 - p) + -1 - -1. Give j(m).
-6
Let s(b) = 7*b**2 - b. Let x be s(2). Suppose -x - 79 = -3*t. Let v = -41 + t. Let r(c) = -c**3 - 5*c**2 + 5*c + 7. Determine r(v).
13
Let z(n) be the third derivative of n**5/15 + n**4/12 + n**3/6 - 2*n**2. Let d be 60 - 12 - (-6)/(-1). Let i be d/35 + 4/5. Give z(i).
21
Suppose 2*c - 2 = 3*r, -80*r + 84*r + 5*c - 28 = 0. Let v(h) = 4*h**3 - 2*h**2 - 4*h + 7. Give v(r).
23
Let k = -114 - -121. Let l(r) be the third derivative of -r**5/60 + r**4/4 + 7*r**3/6 + 2*r**2 + 41*r. What is l(k)?
0
Let b(w) = w**3 + 14*w**2 + 28*w + 23. Let n(i) = -23*i**2 + 227*i + 18. Let j be n(10). Determine b(j).
-25
Let y(c) = -9*c**2 + 2*c + 17. Let w be (2/4)/(5/60). Let l(f) = -25*f**2 + 5*f + 49. Let j(u) = w*l(u) - 17*y(u). Give j(2).
9
Let p(c) = 4*c - 10. Suppose -39 = -3*s - k + 1, s = 2*k + 18. Let n be (-1 + -2)*(-28)/s. Determine p(n).
14
Let m be ((4 - 9) + 6)*(1 - -1). Let y(h) = 7*h**m - 8*h**2 + 62 - h + 0*h**2 - 57. Let u = -6 + 2. Calculate y(u).
-7
Suppose 5*b = 3*l + 26, -2 = -3*l - 2*b - 0. Let h = -2 - l. Let i(z) = -5*z - 7. Let c(s) = -s**2 - 26*s - 36. Let w(x) = -c(x) + 5*i(x). Determine w(h).
1
Let x(z) = -989*z - 925*z + 22 + 1929*z. Determine x(8).
142
Let p(b) be the second derivative of 5*b**4/12 + b**3/3 + 56*b. Let a = -2208 - -2210. Determine p(a).
24
Suppose 0 = d - 3*i + i - 5, -5*d + 25 = -2*i. Let c(j) be the first derivative of -j**2 - 296 + 309 + d*j - j. Give c(3).
-2
Let h(s) = -2*s - 1. Let x be h(-3). Suppose 3*i - 9 = -3*b, 4*b - i - x = 2*i. Let o(w) = -1 - 3*w - 5*w**2 + 2*w**2 + 2*w**2 + 0*w**b. Give o(-4).
-5
Let z(g) = g + 3. Let k(c) = 3*c + 6. Let p(l) = -k(l) + 5*z(l). Suppose 3*t = -21 - 0. Give p(t).
-5
Suppose 2*l - 1 = 4*p + 13, 2*p + 5 = -l. Let j(k) = -l + 2*k**2 + 2 - k + 1. Suppose -233 + 225 = -4*y. Determine j(y).
8
Let p(y) = -3*y - 2*y + 18*y + 6*y - 274 - 3*y. What is p(17)?
-2
Let g(a) = -a - 4. Suppose -k = 3*f + 3*k - 39, 0 = -4*f + 4*k + 24. Let z be (-14 + 18)*f/(-6). Give g(z).
2
Suppose -6*l + 2*l + d = -624, -3*d = -2*l + 302. Suppose 0 = -y + l - 147. Let n(o) = o**2 - 7 - 4*o - 4*o - o. Determine n(y).
3
Let l(w) = 7*w**2 + 6*w - 2. Let z = 23207 - 23206. What is l(z)?
11
Let i be -7 - (-6 + 2) - -5. Let c(d) = -3 + d**3 - 408*d**i - 2 + 415*d**2. Calculate c(-7).
-5
Let l be -15 - 0 - (100 + -102). Let c(n) = 0*n**2 - n + 16*n - 2*n**2 + 28 + 3*n**2. Give c(l).
2
Suppose -55*g + 192 = -49*g. Let l(t) = -1 + 5 - 34*t + 3 + g*t. Calculate l(8).
-9
Let r(b) = -b - 3. Let v be 270/8*((-100)/(-15) + -4). Let k = 95 - v. Suppose k*m - 42 = 5*u + 8, 4*m = -4*u. Determine r(u).
2
Let u(w) = 1 - 2*w**2 + 11*w**2 + 2 + 2*w**3 - 2*w - 4*w**3. Let h(b) = b**3 - 4*b**2 + b - 2. Let a(q) = 5*h(q) + 2*u(q). Determine a(3).
8
Let g(o) = -2*o**2 - 44*o + 46. Let s(y) = -63*y + 418. Let a be s(7). What is g(a)?
0
Let j(f) be the second derivative of 47*f**4/12 + f**3/2 - f**2/2 + 28*f + 9. Calculate j(1).
49
Suppose 75 = 233*s - 310 - 81. Let y(i) = -3*i**3 - i**2 + i - 2. What is y(s)?
-28
Let v(m) = 5. Let i(p) = p + 9. Suppose 5*u - 53 = -68. Let d(q) = u*i(q) + 5*v(q). Give d(3).
-11
Let c(o) = -3*o**3 - 2*o**2 - 4*o - 21. Let z(f) = -2*f**3 - f**2 - 2*f - 12. Let m be -5 + (5/((-30)/18) - -3). Let i(q) = m*z(q) + 3*c(q). Calculate i(3).
9
Let s(x) = -x**2 - 8*x + 4. Let l(r) = -r**3 + 9*r**2 + 35*r + 5. Let u(n) = n**2 + 2*n - 87. Let d be u(-11). Let t be l(d). Determine s(t).
11
Let s(k) = -2*k - 9. Let d(g) = 12*g**2 - 2*g - 410. Let p be d(0). Let n = p + 403. Determine s(n).
5
Let z(m) = m**3 - 5*m**2 + 3*m - 1. Suppose -5*l = -4*k - 5, 0 = -6*l + 4*l + 4*k - 10. Suppose -8 = l*f - 7*f. Give z(f).
-5
Suppose -5*f - 25 = -2*m, -2 + 20 = f - 5*m. Let c be f/(-1) + 0/60. Let g(b) = 5*b - 3*b + 5 - b**2 + 2*b. What is g(c)?
-16
Let s(d) = d**3 - 2*d**2 + 2*d + 2. Let h = -11 - -60. Suppose -h*m + 48*m + 2 = 0. Calculate s(m).
6
Let i(m) = m**3 - 2*m**2 - 2. Let y(u) = -4*u**2 + 14*u - 22. Let c be y(-11). Let n = 663 + c. What is i(n)?
7
Let h(w) = 2*w + 56. Let g be (-4 - (-273)/28)/((-2)/8). Calculate h(g).
10
Suppose 15*n + 2*n - 3077 = 0. Let s = n - 179. Let a(h) = 6*h - 1. What is a(s)?
11
Suppose -57 = -s - 0*s + r, 0 = -2*r - 10. Suppose -53*k + s*k + 5 = 0. Let u(c) = -c - 4. Calculate u(k).
-9
Let o(p) = -p**3 - p**2 - 10*p + 11. Let f be o(0). Let l(u) = u**3 - 11*u**2 + u - 18. Determine l(f).
-7
Let w(y) = -y**2 - 10*y - 2. Let h = -7 - -22. Let l = h - 25. Calculate w(l).
-2
Let b(g) = -11*g + 225. Suppose 0 = -i - 2*k + 15, -5*i = -0*i + 2*k - 99. Determine b(i).
-6
Let m = 30 + -54. Let v be (2/(-2))/(8/m). Let z(a) = -2*a**2 - 5 + 3*a**2 - v*a**2 + 3*a**2 + 2*a. What is z(-4)?
3
Let k = -444 - -441. Let v(j) = 10*j - 4 + 3*j**2 + 7*j - 15*j. Give v(k).
17
Suppose 2*y - 4*y - 16 = 0. Let l(h) be the third derivative of h**4/12 - h**3/3 - 80*h**2 - 196*h. Determine l(y).
-18
Let s(w) = 6*w**3 + 3*w**2 - 2*w + 3. Let j(i) = i**3 - i + 1. Let k(l) = -5*j(l) + s(l). Give k(-2).
-4
Let t(q) = 679*q - 781*q - 7*q**2 + 25*q. What